79744355 is divided by 86?
81
What is the remainder when 26452524 is divided by 1567?
1564
Calculate the remainder when 866307 is divided by 3384.
3
Calculate the remainder when 36514 is divided by 8560.
2274
Calculate the remainder when 1952316 is divided by 563.
395
Calculate the remainder when 1106562 is divided by 1105984.
578
What is the remainder when 2157156 is divided by 1680?
36
What is the remainder when 334362 is divided by 643?
2
Calculate the remainder when 140664 is divided by 146.
66
What is the remainder when 2202122 is divided by 61167?
110
What is the remainder when 1182057 is divided by 591008?
41
What is the remainder when 2779129 is divided by 1157?
15
What is the remainder when 12045184 is divided by 210?
4
What is the remainder when 184541 is divided by 2019?
812
What is the remainder when 521820 is divided by 1963?
1625
Calculate the remainder when 2632015 is divided by 890.
285
What is the remainder when 15323394 is divided by 267?
264
What is the remainder when 123163 is divided by 61321?
521
What is the remainder when 6691535 is divided by 74?
11
What is the remainder when 4212071 is divided by 2105838?
395
What is the remainder when 19765598 is divided by 821?
23
What is the remainder when 4429280 is divided by 451?
9
What is the remainder when 1307555 is divided by 326886?
11
What is the remainder when 1304007 is divided by 1779?
0
Calculate the remainder when 262291 is divided by 65569.
15
What is the remainder when 3577699 is divided by 95?
94
What is the remainder when 457513 is divided by 30469?
478
What is the remainder when 130991 is divided by 43150?
1541
What is the remainder when 41663836 is divided by 13887937?
25
What is the remainder when 412555 is divided by 13748?
115
Calculate the remainder when 11106 is divided by 3250.
1356
Calculate the remainder when 404249765 is divided by 177.
173
Calculate the remainder when 4232149 is divided by 1953.
1951
What is the remainder when 242117 is divided by 199?
133
Calculate the remainder when 131400 is divided by 2430.
180
What is the remainder when 48357 is divided by 95?
2
What is the remainder when 1612707 is divided by 789?
780
Calculate the remainder when 106113 is divided by 53044.
25
What is the remainder when 24352 is divided by 864?
160
Calculate the remainder when 17946127 is divided by 8972875.
377
Calculate the remainder when 1885311 is divided by 1448.
15
Calculate the remainder when 1932729 is divided by 1047.
1014
Calculate the remainder when 50130 is divided by 8962.
5320
What is the remainder when 850905 is divided by 11049?
132
What is the remainder when 22164542 is divided by 114?
92
Calculate the remainder when 898138 is divided by 224450.
338
Calculate the remainder when 6802176 is divided by 98.
94
Calculate the remainder when 3389252 is divided by 133.
13
Calculate the remainder when 11183507 is divided by 11183495.
12
Calculate the remainder when 288645 is divided by 96191.
72
What is the remainder when 101773428 is divided by 1389?
9
What is the remainder when 37412958 is divided by 12470982?
12
Calculate the remainder when 4090566 is divided by 85220.
6
What is the remainder when 10182387 is divided by 26?
7
What is the remainder when 787388 is divided by 71?
69
Calculate the remainder when 837334 is divided by 990.
784
Calculate the remainder when 144105 is divided by 31.
17
Calculate the remainder when 161411 is divided by 416.
3
Calculate the remainder when 20741113 is divided by 22.
19
What is the remainder when 1529772 is divided by 254956?
36
Calculate the remainder when 150865 is divided by 35850.
7465
Calculate the remainder when 3404 is divided by 98.
72
Calculate the remainder when 76082469 is divided by 3384.
3381
What is the remainder when 548324 is divided by 2212?
1960
Calculate the remainder when 55508 is divided by 761.
716
Calculate the remainder when 31653 is divided by 5259.
99
Calculate the remainder when 821908044 is divided by 150.
144
What is the remainder when 61986077 is divided by 693?
692
What is the remainder when 1943814 is divided by 2113?
1967
Calculate the remainder when 16126425 is divided by 673.
672
What is the remainder when 32730381 is divided by 16365190?
1
What is the remainder when 108580 is divided by 15432?
556
What is the remainder when 878542 is divided by 7907?
865
Calculate the remainder when 836995 is divided by 1664.
3
What is the remainder when 6037816 is divided by 13?
5
Calculate the remainder when 66450139 is divided by 76.
71
Calculate the remainder when 1162550 is divided by 32.
22
What is the remainder when 282446 is divided by 282423?
23
What is the remainder when 72022989 is divided by 63?
3
Calculate the remainder when 50167363 is divided by 131.
127
Calculate the remainder when 2506382 is divided by 252.
242
What is the remainder when 1596297 is divided by 1301?
1271
Calculate the remainder when 2127724 is divided by 161.
109
Calculate the remainder when 362517 is divided by 48.
21
What is the remainder when 506633 is divided by 1154?
27
What is the remainder when 112643 is divided by 5157?
4346
Calculate the remainder when 261524 is divided by 1724.
1200
Calculate the remainder when 940078 is divided by 29.
14
What is the remainder when 85913393 is divided by 9300?
9293
What is the remainder when 296458769 is divided by 30?
29
What is the remainder when 5633036 is divided by 4300?
36
Calculate the remainder when 314516 is divided by 78545.
336
Calculate the remainder when 819511839 is divided by 40.
39
What is the remainder when 4362074 is divided by 34347?
5
Calculate the remainder when 3769365 is divided by 942327.
57
Calculate the remainder when 846196270 is divided by 2256.
2254
Calculate the remainder when 11869 is divided by 4495.
2879
What is the remainder when 788391 is divided by 131397?
9
What is the remainder when 26631892 is divided by 48072?
4
What is the remainder when 6412343 is divided by 669?
647
What is the remainder when 11753012 is divided by 94024?
12
Calculate the remainder when 53075233 is divided by 814.
805
Calculate the remainder when 102939512 is divided by 18.
14
What is the remainder when 797666 is divided by 295?
281
Calculate the remainder when 72138676 is divided by 65343.
4
What is the remainder when 9261523 is divided by 299?
297
Calculate the remainder when 13424473 is divided by 25.
23
Calculate the remainder when 134243586 is divided by 7896681.
9
Calculate the remainder when 394225 is divided by 589.
184
What is the remainder when 1899177 is divided by 7221?
54
Calculate the remainder when 2679633 is divided by 13.
8
Calculate the remainder when 1194564 is divided by 9406.
2
Calculate the remainder when 3680974 is divided by 1003.
967
What is the remainder when 53411 is divided by 6195?
3851
Calculate the remainder when 597474 is divided by 45951.
111
What is the remainder when 30172317 is divided by 30?
27
What is the remainder when 1704821 is divided by 52?
1
Calculate the remainder when 121648 is divided by 795.
13
Calculate the remainder when 18002 is divided by 3373.
1137
What is the remainder when 273176 is divided by 3806?
2950
What is the remainder when 40430793 is divided by 697082?
37
What is the remainder when 161146 is divided by 1581?
1465
What is the remainder when 13265953 is divided by 336?
1
Calculate the remainder when 121227 is divided by 918.
51
What is the remainder when 1139247 is divided by 2637?
63
What is the remainder when 1006337849 is divided by 1382?
1381
What is the remainder when 127965519 is divided by 203?
3
Calculate the remainder when 111150446 is divided by 346263.
23
What is the remainder when 310851 is divided by 181?
74
Calculate the remainder when 915239927 is divided by 1055.
1052
Calculate the remainder when 135128563 is divided by 9.
7
What is the remainder when 2274191 is divided by 152?
119
What is the remainder when 355227 is divided by 13289?
9713
What is the remainder when 180543 is divided by 25714?
545
What is the remainder when 4072220 is divided by 141?
140
Calculate the remainder when 96367889 is divided by 22261.
20
What is the remainder when 28989 is divided by 3056?
1485
What is the remainder when 804373 is divided by 42335?
8
Calculate the remainder when 2750279 is divided by 91